{"id":3,"date":"2021-05-12T16:52:14","date_gmt":"2021-05-12T14:52:14","guid":{"rendered":"http:\/\/albaitaritzagenetica.com\/?page_id=3"},"modified":"2024-02-06T08:37:33","modified_gmt":"2024-02-06T07:37:33","slug":"politica-privacidad","status":"publish","type":"page","link":"http:\/\/albaikide.com\/eus\/politica-privacidad\/","title":{"rendered":"Datuen pribatutasuna"},"content":{"rendered":"<div data-elementor-type=\"wp-page\" data-elementor-id=\"3\" class=\"elementor elementor-3\">\n\t\t\t\t\t\t<section class=\"elementor-section elementor-top-section elementor-element elementor-element-6ed96192 elementor-section-boxed elementor-section-height-default elementor-section-height-default\" data-id=\"6ed96192\" data-element_type=\"section\" data-e-type=\"section\">\n\t\t\t\t\t\t<div class=\"elementor-container elementor-column-gap-default\">\n\t\t\t\t\t<div class=\"elementor-column elementor-col-100 elementor-top-column elementor-element elementor-element-2f22d2cf\" data-id=\"2f22d2cf\" data-element_type=\"column\" data-e-type=\"column\">\n\t\t\t<div class=\"elementor-widget-wrap elementor-element-populated\">\n\t\t\t\t\t\t<div class=\"elementor-element elementor-element-61689d81 elementor-widget elementor-widget-text-editor\" data-id=\"61689d81\" data-element_type=\"widget\" data-e-type=\"widget\" data-widget_type=\"text-editor.default\">\n\t\t\t\t<div class=\"elementor-widget-container\">\n\t\t\t\t\t\t\t\t\t<p><\/p>\n<p><\/p>\n<p><\/p>\n<h2 class=\"wp-block-heading\"><a href=\"https:\/\/albaikide.com\/eus\/\">POL\u00cdTICA DE PRIVACIDAD DE ALBAIKIDE<\/a>\u00a0<\/h2>\n<h5>Datos del propietario de la web:<\/h5>\n<p><\/p>\n<p><\/p>\n<p>ALBAIKIDE S.A.<br \/>IFK: A31720329<br \/>Helbidea: Akaborro Ind. Erm. z\/g<br \/>31860 Irurtzun<br \/>Nafarroa\/Navarra<br \/>Telefono: 948 50 03 43<\/p>\n<p><\/p>\n<p><\/p>\n<p><\/p>\n<p><\/p>\n<h5 class=\"wp-block-heading\">Datuen pribatutasuna<\/h5>\n<p><\/p>\n<p><\/p>\n<p>De conformidad con la normativa vigente y aplicable en protecci\u00f3n de datos de car\u00e1cter personal, le informamos que sus datos ser\u00e1n incorporados al sistema de tratamiento titularidad de ALBAIKIDE SA con NIF A31720329 y domicilio social sito en POLIGONO INDUSTRIAL AKABORRO A9,31860 IRURTZUN(NAVARRA), y que a continuaci\u00f3n se relacionan sus respectivas finalidades, plazos de conservaci\u00f3n y bases legitimadoras:<\/p>\n<p><\/p>\n<p><\/p>\n<h6 class=\"wp-block-heading\"><strong>TRATAMIENTOS REALIZADOS<\/strong><\/h6>\n<p><\/p>\n<p><\/p>\n<p><strong>Gesti\u00f3n usuarios web:<\/strong><\/p>\n<ul>\n<li style=\"list-style-type: none;\">\n<ul>\n<li><strong>Finalidad:<\/strong> Captaci\u00f3n, registro y tratamiento de datos del usuario<\/li>\n<li><strong>Plazo de conservaci\u00f3n:<\/strong> mientras se mantenga el consentimiento prestado, salvo obligaci\u00f3n legal.<\/li>\n<li><strong>Base leg\u00edtima:<\/strong> El consentimiento del interesado.<\/li>\n<li><strong>Tipolog\u00eda de Datos:<\/strong> Datos b\u00e1sicos: Nombre y apellidos, Direcci\u00f3n electr\u00f3nico<\/li>\n<\/ul>\n<\/li>\n<\/ul>\n<p>\u00a0<\/p>\n<p><strong>Acciones comerciales formulario web:<\/strong><\/p>\n<ul>\n<li style=\"list-style-type: none;\">\n<ul>\n<li><strong>Finalidad:<\/strong> Captaci\u00f3n, registro y tratamiento de datos con finalidades de atender sus consultas y\/o solicitudes, as\u00ed como de publicidad y prospecci\u00f3n comercial<\/li>\n<li><strong>Plazo de conservaci\u00f3n:<\/strong> mientras se mantenga el consentimiento prestado, salvo obligaci\u00f3n legal.<\/li>\n<li><strong>Base leg\u00edtima:<\/strong> El consentimiento del interesado.<\/li>\n<li><strong>Tipolog\u00eda de Datos:<\/strong> Datos b\u00e1sicos: Nombre y apellidos, Direcci\u00f3n electr\u00f3nica<\/li>\n<\/ul>\n<\/li>\n<\/ul>\n<p>\u00a0<\/p>\n<p><strong>Newsletter:<\/strong><\/p>\n<ul>\n<li style=\"list-style-type: none;\">\n<ul>\n<li><strong>Finalidad:<\/strong> Gesti\u00f3n de la suscripci\u00f3n a la newsletter, para realizar los env\u00edos correspondientes<\/li>\n<li><strong>Plazo de conservaci\u00f3n:<\/strong> mientras se mantenga el consentimiento prestado.<\/li>\n<li><strong>Base leg\u00edtima:<\/strong> El consentimiento del interesado.<\/li>\n<li><strong>Tipolog\u00eda de Datos:<\/strong> Datos b\u00e1sicos: Nombre y apellidos, Direcci\u00f3n electr\u00f3nica<\/li>\n<\/ul>\n<\/li>\n<\/ul>\n<p>\u00a0<\/p>\n<p><strong>Instalaci\u00f3n de cookies:<\/strong><\/p>\n<ul>\n<li style=\"list-style-type: none;\">\n<ul>\n<li><strong>Finalidad:<\/strong> Gesti\u00f3n e instalaci\u00f3n de las cookies<\/li>\n<li><strong>Plazo de conservaci\u00f3n:<\/strong> mientras se mantenga el consentimiento prestado.<\/li>\n<li><strong>Base leg\u00edtima:<\/strong> El consentimiento del interesado.<\/li>\n<li><strong>Tipolog\u00eda de Datos:<\/strong> Datos b\u00e1sicos: Direcci\u00f3n electr\u00f3nica, Direcci\u00f3n IP<\/li>\n<\/ul>\n<\/li>\n<\/ul>\n<p>\u00a0<\/p>\n<p><strong>Usuarios web:<\/strong><\/p>\n<ul>\n<li style=\"list-style-type: none;\">\n<ul>\n<li><strong>Finalidad:<\/strong> Atender sus consultas y\/o solicitudes e Instalaci\u00f3n de cookies<\/li>\n<li><strong>Plazo de conservaci\u00f3n:<\/strong> mientras se mantenga el consentimiento prestado.<\/li>\n<li><strong>Base leg\u00edtima:<\/strong> El consentimiento del interesado.<\/li>\n<li><strong>Tipolog\u00eda de Datos:<\/strong> Datos b\u00e1sicos: Nombre y apellidos, Direcci\u00f3n electr\u00f3nica, Direcci\u00f3n IP<\/li>\n<\/ul>\n<\/li>\n<\/ul>\n<p><\/p>\n<p><\/p>\n<h5 class=\"wp-block-heading\">Derechos de los interesados<\/h5>\n<p><\/p>\n<p><\/p>\n<p>ALBAIKIDE SA informa a los Usuarios que, podr\u00e1 ejercer los derechos de acceso, rectificaci\u00f3n, limitaci\u00f3n, supresi\u00f3n, portabilidad, oposici\u00f3n al tratamiento de sus datos de car\u00e1cter personal y el derecho a no ser objeto de decisiones automatizadas, incluida la elaboraci\u00f3n de perfiles, ante el Responsable del Tratamiento, as\u00ed como a la retirada del consentimiento prestado.<\/p>\n<ul>\n<li><strong>Derecho de Acceso<\/strong>: Es el derecho del usuario a obtener confirmaci\u00f3n sobre si se est\u00e1n tratando sus datos y, en tal caso, los concretos datos personales tratados y la informaci\u00f3n legal del tratamiento (finalidades, base legitimadora, plazos de conservaci\u00f3n, cesiones, origen de los datos, etc.).<\/li>\n<li><strong>Derecho de Rectificaci\u00f3n<\/strong>: Es el derecho del afectado a que se modifiquen los datos que resulten ser inexactos o incompletos. En relaci\u00f3n a la p\u00e1gina web, s\u00f3lo podr\u00e1 satisfacerse en relaci\u00f3n a aquella informaci\u00f3n que se encuentre bajo el control del sitio web, por ejemplo, eliminar comentarios publicados en la propia p\u00e1gina, im\u00e1genes o contenidos web donde consten datos de car\u00e1cter personal del usuario.<\/li>\n<li><strong>Derecho a la Limitaci\u00f3n de tratamiento<\/strong>: Es el derecho a que se limiten los fines del tratamiento previstos de forma original por el responsable del tratamiento en determinados supuestos.<\/li>\n<li><strong>Derecho de Supresi\u00f3n<\/strong>: Es el derecho a suprimir los datos de car\u00e1cter personal del usuario, a excepci\u00f3n de lo previsto en el propio RGPD (libertad de expresi\u00f3n e informaci\u00f3n, obligaciones de conservaci\u00f3n, formulaci\u00f3n, ejercicio o defensa de reclamaciones, etc.).<\/li>\n<li><strong>Derecho a la Portabilidad<\/strong>: El derecho a recibir los datos personales que el usuario haya facilitado, en un formato estructurado, de uso com\u00fan y lectura mec\u00e1nica, y a transmitirlos a otro responsable cuando el tratamiento est\u00e1 basado en el consentimiento o en la ejecuci\u00f3n de un contrato y se efect\u00fae por medios automatizados.<\/li>\n<li><strong>Derecho de Oposici\u00f3n<\/strong>: Es el derecho del usuario a que no se lleve a cabo el tratamiento de sus datos de car\u00e1cter personal o se cese el tratamiento de los mismos por parte del sitio web cuando el tratamiento est\u00e9 basado en el inter\u00e9s leg\u00edtimo o el inter\u00e9s p\u00fablico o cuando se trate de tratamientos de mercadotecnia directa.<\/li>\n<li><strong>Derecho a no ser objeto de decisiones automatizadas, incluida la elaboraci\u00f3n de perfiles<\/strong>: Cuando el tratamiento no es necesario para la celebraci\u00f3n o ejecuci\u00f3n de un contrato, ni est\u00e1 autorizada por el Derecho de la Uni\u00f3n Europea o de los Estados miembros ni se basa en el consentimiento, tiene derecho a no ser objeto de una decisi\u00f3n basada \u00fanicamente en el tratamiento automatizado, incluida la elaboraci\u00f3n de perfiles, que produzca efectos jur\u00eddicos o le afecte significativamente de modo similar.<\/li>\n<li><strong>Derecho a retirar el consentimiento<\/strong>: Para cualquier tratamiento basado en su consentimiento, tiene derecho a retirarlo, en cualquier momento y de manera gratuita.<\/li>\n<\/ul>\n<p>\u00a0<\/p>\n<p>Para ejercer cualquiera de los derechos en materia de protecci\u00f3n de datos descritos anteriormente deber\u00e1 seguir las siguientes indicaciones:<\/p>\n<ul>\n<li>Presentaci\u00f3n de un escrito a la direcci\u00f3n POLIGONO INDUSTRIAL AKABORRO A9,31860 IRURTZUN(NAVARRA) (a la atenci\u00f3n de ALBAIKIDE SA) o bien a trav\u00e9s de correo electr\u00f3nico a por correo electr\u00f3nico a <a href=\"mailto:info@albaitaritza.com\">info@albaitaritza.com <\/a>.<\/li>\n<li>El escrito remitido por el titular de los datos personales (interesado\/a) que solicite el ejercicio de derechos deber\u00e1 tener en cuenta lo siguiente:\n<ul>\n<li>Deber\u00e1 identificarse fehacientemente y, en el caso de que concurran dudas sobre la identidad del solicitante, se le solicitar\u00e1 que subsane la petici\u00f3n (p. ej. solicitando m\u00e1s informaci\u00f3n, como el n\u00famero de DNI, el documento del DNI, el correo electr\u00f3nico que aport\u00f3, etc.)<\/li>\n<li>La solicitud puede realizarla el representante, legal o voluntario, cuando \u00e9ste est\u00e9 debidamente identificado y autorizado por el titular de los datos (mediante una autorizaci\u00f3n expresa del titular para ejercer los derechos personal\u00edsimos regulados en la normativa en materia de protecci\u00f3n de datos personales).<\/li>\n<li>Petici\u00f3n en que se concreta la solicitud (Derecho\/s que se pretende\/n ejercer). Si no hace referencia a un tratamiento concreto se le facilitar\u00e1 respuesta en relaci\u00f3n a todos los tratamientos que afectan a sus datos de car\u00e1cter personal. Si solicita informaci\u00f3n de un tratamiento en concreto, s\u00f3lo la informaci\u00f3n de \u00e9ste. Si lo solicita por tel\u00e9fono se le indicar\u00e1 que lo haga por escrito y se le informar\u00e1 de c\u00f3mo lo puede hacer y la direcci\u00f3n a la que tiene que Nunca se le dar\u00e1 informaci\u00f3n por tel\u00e9fono.<\/li>\n<li>Direcci\u00f3n postal o electr\u00f3nica a efectos de notificaciones.<\/li>\n<li>Documentos acreditativos de la petici\u00f3n que formula, en caso de que sean necesarios.<\/li>\n<li>La persona solicitante debe utilizar cualquier medio que permita acreditar el env\u00edo y la recepci\u00f3n de la solicitud.<\/li>\n<\/ul>\n<\/li>\n<\/ul>\n<p>\u00a0<\/p>\n<p>Por \u00faltimo, le informamos que tiene derecho a presentar una reclamaci\u00f3n ante la Agencia Espa\u00f1ola de Protecci\u00f3n de Datos en caso de que tenga conocimiento o considere que un hecho pueda suponer un incumplimiento de la normativa aplicable en materia de protecci\u00f3n de datos.<\/p>\n<p><strong>ALBAIKIDE SA<\/strong> se compromete a adoptar las medidas t\u00e9cnicas y organizativas necesarias, acorde al nivel de riesgos que acompa\u00f1an los tratamientos realizados por \u00e9stas e indicados en el apartado de los t\u00e9rminos y condiciones de uso, de forma que garanticen su integridad, confidencialidad y disponibilidad.<\/p>\n<p><strong style=\"font-size: 13px; color: var( --e-global-color-text ); font-family: var( --e-global-typography-text-font-family ), Sans-serif;\">\u00daltima actualizaci\u00f3n: <\/strong><span style=\"font-size: 13px; color: var( --e-global-color-text ); font-family: var( --e-global-typography-text-font-family ), Sans-serif; font-weight: var( --e-global-typography-text-font-weight );\">10 de marzo de 2023<\/span><\/p>\n<p><\/p>\t\t\t\t\t\t\t\t<\/div>\n\t\t\t\t<\/div>\n\t\t\t\t\t<\/div>\n\t\t<\/div>\n\t\t\t\t\t<\/div>\n\t\t<\/section>\n\t\t\t\t<\/div>","protected":false},"excerpt":{"rendered":"<p>POL\u00cdTICA DE PRIVACIDAD DE ALBAIKIDE\u00a0 Datos del propietario de la web: ALBAIKIDE S.A.CIF: A31720329Direcci\u00f3n: Akaborro Ind.Erm. z\/g31860 IrurtzunNafarroa\/NavarraTelefono: 948 50 03 43 Protecci\u00f3n de datos De conformidad con la normativa vigente y aplicable en protecci\u00f3n de datos de car\u00e1cter personal, le informamos que sus datos ser\u00e1n incorporados al sistema de tratamiento titularidad de ALBAIKIDE SA con NIF A31720329 y domicilio social sito en POLIGONO INDUSTRIAL AKABORRO A9,31860 IRURTZUN(NAVARRA), y que&hellip;<\/p>","protected":false},"author":4,"featured_media":0,"parent":0,"menu_order":0,"comment_status":"closed","ping_status":"closed","template":"","meta":{"inline_featured_image":false,"footnotes":""},"class_list":["post-3","page","type-page","status-publish","hentry"],"yoast_head":"<!-- This site is optimized with the Yoast SEO plugin v27.2 - https:\/\/yoast.com\/product\/yoast-seo-wordpress\/ -->\n<title>Pol\u00edtica de privacidad - Albaikide<\/title>\n<meta name=\"robots\" content=\"index, follow, max-snippet:-1, max-image-preview:large, max-video-preview:-1\" \/>\n<link rel=\"canonical\" href=\"https:\/\/albaikide.com\/eus\/politica-privacidad\/\" \/>\n<meta property=\"og:locale\" content=\"en_US\" \/>\n<meta property=\"og:type\" content=\"article\" \/>\n<meta property=\"og:title\" content=\"Pol\u00edtica de privacidad - Albaikide\" \/>\n<meta property=\"og:description\" content=\"POL\u00cdTICA DE PRIVACIDAD DE ALBAIKIDE\u00a0 Datos del propietario de la web: ALBAIKIDE S.A.CIF: A31720329Direcci\u00f3n: Akaborro Ind.Erm. z\/g31860 IrurtzunNafarroa\/NavarraTelefono: 948 50 03 43 Protecci\u00f3n de datos De conformidad con la normativa vigente y aplicable en protecci\u00f3n de datos de car\u00e1cter personal, le informamos que sus datos ser\u00e1n incorporados al sistema de tratamiento titularidad de ALBAIKIDE SA con NIF A31720329 y domicilio social sito en POLIGONO INDUSTRIAL AKABORRO A9,31860 IRURTZUN(NAVARRA), y que&hellip;\" \/>\n<meta property=\"og:url\" content=\"https:\/\/albaikide.com\/eus\/politica-privacidad\/\" \/>\n<meta property=\"og:site_name\" content=\"Albaikide\" \/>\n<meta property=\"article:modified_time\" content=\"2024-02-06T07:37:33+00:00\" \/>\n<meta name=\"twitter:card\" content=\"summary_large_image\" \/>\n<meta name=\"twitter:label1\" content=\"Est. reading time\" \/>\n\t<meta name=\"twitter:data1\" content=\"6 minutua\" \/>\n<script type=\"application\/ld+json\" class=\"yoast-schema-graph\">{\"@context\":\"https:\/\/schema.org\",\"@graph\":[{\"@type\":\"WebPage\",\"@id\":\"https:\/\/albaikide.com\/politica-privacidad\/\",\"url\":\"https:\/\/albaikide.com\/politica-privacidad\/\",\"name\":\"Pol\u00edtica de privacidad - Albaikide\",\"isPartOf\":{\"@id\":\"http:\/\/albaikide.com\/#website\"},\"datePublished\":\"2021-05-12T14:52:14+00:00\",\"dateModified\":\"2024-02-06T07:37:33+00:00\",\"breadcrumb\":{\"@id\":\"https:\/\/albaikide.com\/politica-privacidad\/#breadcrumb\"},\"inLanguage\":\"eu\",\"potentialAction\":[{\"@type\":\"ReadAction\",\"target\":[\"https:\/\/albaikide.com\/politica-privacidad\/\"]}]},{\"@type\":\"BreadcrumbList\",\"@id\":\"https:\/\/albaikide.com\/politica-privacidad\/#breadcrumb\",\"itemListElement\":[{\"@type\":\"ListItem\",\"position\":1,\"name\":\"Portada\",\"item\":\"http:\/\/albaikide.com\/\"},{\"@type\":\"ListItem\",\"position\":2,\"name\":\"Pol\u00edtica de privacidad\"}]},{\"@type\":\"WebSite\",\"@id\":\"http:\/\/albaikide.com\/#website\",\"url\":\"http:\/\/albaikide.com\/\",\"name\":\"Albaitaritza\",\"description\":\"\",\"publisher\":{\"@id\":\"http:\/\/albaikide.com\/#organization\"},\"potentialAction\":[{\"@type\":\"SearchAction\",\"target\":{\"@type\":\"EntryPoint\",\"urlTemplate\":\"http:\/\/albaikide.com\/?s={search_term_string}\"},\"query-input\":{\"@type\":\"PropertyValueSpecification\",\"valueRequired\":true,\"valueName\":\"search_term_string\"}}],\"inLanguage\":\"eu\"},{\"@type\":\"Organization\",\"@id\":\"http:\/\/albaikide.com\/#organization\",\"name\":\"Albaitaritza SA\",\"url\":\"http:\/\/albaikide.com\/\",\"logo\":{\"@type\":\"ImageObject\",\"inLanguage\":\"eu\",\"@id\":\"http:\/\/albaikide.com\/#\/schema\/logo\/image\/\",\"url\":\"http:\/\/albaikide.com\/wp-content\/uploads\/albaitaritza-logo.png\",\"contentUrl\":\"http:\/\/albaikide.com\/wp-content\/uploads\/albaitaritza-logo.png\",\"width\":1667,\"height\":417,\"caption\":\"Albaitaritza SA\"},\"image\":{\"@id\":\"http:\/\/albaikide.com\/#\/schema\/logo\/image\/\"}}]}<\/script>\n<!-- \/ Yoast SEO plugin. -->","yoast_head_json":{"title":"Pol\u00edtica de privacidad - Albaikide","robots":{"index":"index","follow":"follow","max-snippet":"max-snippet:-1","max-image-preview":"max-image-preview:large","max-video-preview":"max-video-preview:-1"},"canonical":"https:\/\/albaikide.com\/eus\/politica-privacidad\/","og_locale":"en_US","og_type":"article","og_title":"Pol\u00edtica de privacidad - Albaikide","og_description":"POL\u00cdTICA DE PRIVACIDAD DE ALBAIKIDE\u00a0 Datos del propietario de la web: ALBAIKIDE S.A.CIF: A31720329Direcci\u00f3n: Akaborro Ind.Erm. z\/g31860 IrurtzunNafarroa\/NavarraTelefono: 948 50 03 43 Protecci\u00f3n de datos De conformidad con la normativa vigente y aplicable en protecci\u00f3n de datos de car\u00e1cter personal, le informamos que sus datos ser\u00e1n incorporados al sistema de tratamiento titularidad de ALBAIKIDE SA con NIF A31720329 y domicilio social sito en POLIGONO INDUSTRIAL AKABORRO A9,31860 IRURTZUN(NAVARRA), y que&hellip;","og_url":"https:\/\/albaikide.com\/eus\/politica-privacidad\/","og_site_name":"Albaikide","article_modified_time":"2024-02-06T07:37:33+00:00","twitter_card":"summary_large_image","twitter_misc":{"Est. reading time":"6 minutua"},"schema":{"@context":"https:\/\/schema.org","@graph":[{"@type":"WebPage","@id":"https:\/\/albaikide.com\/politica-privacidad\/","url":"https:\/\/albaikide.com\/politica-privacidad\/","name":"Pol\u00edtica de privacidad - Albaikide","isPartOf":{"@id":"http:\/\/albaikide.com\/#website"},"datePublished":"2021-05-12T14:52:14+00:00","dateModified":"2024-02-06T07:37:33+00:00","breadcrumb":{"@id":"https:\/\/albaikide.com\/politica-privacidad\/#breadcrumb"},"inLanguage":"eu","potentialAction":[{"@type":"ReadAction","target":["https:\/\/albaikide.com\/politica-privacidad\/"]}]},{"@type":"BreadcrumbList","@id":"https:\/\/albaikide.com\/politica-privacidad\/#breadcrumb","itemListElement":[{"@type":"ListItem","position":1,"name":"Portada","item":"http:\/\/albaikide.com\/"},{"@type":"ListItem","position":2,"name":"Pol\u00edtica de privacidad"}]},{"@type":"WebSite","@id":"http:\/\/albaikide.com\/#website","url":"http:\/\/albaikide.com\/","name":"Albaitaritza","description":"","publisher":{"@id":"http:\/\/albaikide.com\/#organization"},"potentialAction":[{"@type":"SearchAction","target":{"@type":"EntryPoint","urlTemplate":"http:\/\/albaikide.com\/?s={search_term_string}"},"query-input":{"@type":"PropertyValueSpecification","valueRequired":true,"valueName":"search_term_string"}}],"inLanguage":"eu"},{"@type":"Organization","@id":"http:\/\/albaikide.com\/#organization","name":"Albaitaritza SA","url":"http:\/\/albaikide.com\/","logo":{"@type":"ImageObject","inLanguage":"eu","@id":"http:\/\/albaikide.com\/#\/schema\/logo\/image\/","url":"http:\/\/albaikide.com\/wp-content\/uploads\/albaitaritza-logo.png","contentUrl":"http:\/\/albaikide.com\/wp-content\/uploads\/albaitaritza-logo.png","width":1667,"height":417,"caption":"Albaitaritza SA"},"image":{"@id":"http:\/\/albaikide.com\/#\/schema\/logo\/image\/"}}]}},"_links":{"self":[{"href":"http:\/\/albaikide.com\/eus\/wp-json\/wp\/v2\/pages\/3","targetHints":{"allow":["GET"]}}],"collection":[{"href":"http:\/\/albaikide.com\/eus\/wp-json\/wp\/v2\/pages"}],"about":[{"href":"http:\/\/albaikide.com\/eus\/wp-json\/wp\/v2\/types\/page"}],"author":[{"embeddable":true,"href":"http:\/\/albaikide.com\/eus\/wp-json\/wp\/v2\/users\/4"}],"replies":[{"embeddable":true,"href":"http:\/\/albaikide.com\/eus\/wp-json\/wp\/v2\/comments?post=3"}],"version-history":[{"count":37,"href":"http:\/\/albaikide.com\/eus\/wp-json\/wp\/v2\/pages\/3\/revisions"}],"predecessor-version":[{"id":2339,"href":"http:\/\/albaikide.com\/eus\/wp-json\/wp\/v2\/pages\/3\/revisions\/2339"}],"wp:attachment":[{"href":"http:\/\/albaikide.com\/eus\/wp-json\/wp\/v2\/media?parent=3"}],"curies":[{"name":"wp","href":"https:\/\/api.w.org\/{rel}","templated":true}]}}